 + h. Suppose -z + 22 = -4*n, -f*n = 4*z - 11 + 3. Calculate the highest common factor of 6 and z.
6
Let p = -206 + 438. Let u be p/12 + 2/(-6). What is the highest common divisor of 19 and u?
19
Suppose -6*c + 4*c = -4. Suppose -c*t + 66 = t. Calculate the greatest common divisor of t and 11.
11
Let y(o) = 57*o**2 + 2. Let b be y(1). Suppose 7*a - 11 = b. What is the greatest common divisor of 10 and a?
10
Suppose -9*n + 272 = 29. Suppose -2 = -0*i + 2*i. Let o be i/(3 + 812/(-270)). What is the greatest common factor of o and n?
27
Let m = 477 + -317. Suppose 4 = -9*b + 184. What is the greatest common divisor of m and b?
20
Let b(m) = m**2 + 22*m - 17. Let i be b(-25). Calculate the highest common factor of i and 725.
29
Suppose -3*x - 5*k = 5, 0*k = -4*x - 5*k - 5. Suppose d + 1 - 3 = x. What is the greatest common divisor of d and 10?
2
Let a(l) = -l**3 - 16*l**2 - 3*l - 6. Let m be a(-16). Calculate the greatest common divisor of 24 and m.
6
Let c(k) = k**2 + 3. Let f be c(0). Suppose -5*j - 4*z = -41 - f, -4 = z. Suppose 58*o = 2*o + 2016. What is the highest common factor of j and o?
12
Let r(m) = -m + 3. Let d be r(0). Suppose 0 = -d*f + 3*a + 6, 5 - 15 = -5*f - 4*a. Suppose f*n = 5*n - 15. Calculate the highest common divisor of 25 and n.
5
Suppose 47 - 751 = -16*k. What is the highest common divisor of 176 and k?
44
Let r(w) = -w**2 + 12*w + 1. Let l be r(12). Let h be (3/2 - 2)*(l + -29). Calculate the highest common divisor of h and 14.
14
Suppose 10*u = 21*u - 2838. What is the highest common factor of 6 and u?
6
Let x be 319/33 + 6/(-9). Suppose -x*r = -2*r - 56. Calculate the highest common divisor of 56 and r.
8
Suppose 4*q + 2*w - 288 = 0, -6*q + w + 360 = -q. Calculate the greatest common divisor of 168 and q.
24
Suppose 2*a + 6 = 0, -5*d - 4*a - 2 = -3*d. What is the greatest common factor of d and 3?
1
Let t be 4*2*(-1)/(-2). Suppose -13 = -t*w + 23. Let o be (-111)/(-2) - (-18)/(-12). What is the greatest common divisor of o and w?
9
Suppose 3*v = f + 21, -3*f + 3*v = 20 + 13. Let a be -34*(-3)/f*-1. What is the highest common factor of a and 85?
17
Suppose -50 - 22 = -2*h. Let x be (-372)/(-9) + 12 + (-4)/(-6). What is the greatest common factor of h and x?
18
Suppose 23 = -r - 3*g, 7*r - 2*g = 3*r - 50. Let f = r - -16. Let j be (-2 - 11)*(1 - f). Calculate the highest common divisor of j and 13.
13
Let y = -303 - -324. Calculate the highest common divisor of y and 777.
21
Suppose 3*u - 35 = 5*d, -5*d - 33 = -5*u + 22. Suppose -5*j = -u*j - 60. Let q = j + 17. Calculate the highest common divisor of q and 5.
5
Suppose -u - u = -72. Suppose -u = t - 3*t. Suppose -z - 4*b = -34, 4*z - 3*b - 68 = -2*b. Calculate the greatest common divisor of z and t.
18
Let n(b) = -b**3 + 3*b**2 + 2*b - 1. Let u be n(3). Suppose 0*o = o - u. Suppose 0 = -0*w + 5*w - o. What is the highest common factor of 11 and w?
1
Suppose -3*g = 5*y - 1036, 3*g - 3*y - 1112 = -92. Calculate the greatest common divisor of g and 38.
38
Let r be (-70)/3*(-33)/22. Suppose -37*s + 46 = -r*s. Let v = 26 - s. What is the greatest common factor of v and 9?
3
Suppose 19 - 7 = 2*c. Suppose -c + 0 = -k. Suppose -k*j + 150 = -j. What is the highest common divisor of j and 12?
6
Suppose 1352 = 10*q - 4088. Calculate the highest common divisor of q and 32.
32
Let p(o) = 2*o**2 + 2*o + 4. Let y be p(-7). Let c be ((-6 + 1)/(-5))/(3/24). What is the greatest common factor of y and c?
8
Let u(y) = -y**3 - 6*y**2 - 5*y + 5. Let s be u(-4). Let h(t) = t + 25. Let w be h(s). Calculate the highest common factor of w and 90.
18
Suppose -2*g = g - 114. Let o = 222 + 44. What is the greatest common factor of o and g?
38
Let w(o) be the first derivative of 13*o**2 + 43*o - 13. Let c be w(7). Calculate the highest common factor of c and 25.
25
Let v(f) be the first derivative of -4*f**2 - 8 + 3*f**2 + 9 - 13*f. Let j be v(-7). What is the greatest common factor of j and 2?
1
Let d(n) = 2*n - 4. Let h be d(3). Let w be ((-6)/8)/(h/(-192)). Let l be (-3 - -23) + -1 + -1. What is the highest common divisor of w and l?
18
Suppose 4*f - 20 = 5*a - 408, 0 = f + 2*a + 97. Let k = f - -133. What is the highest common divisor of 27 and k?
9
Suppose j = -4*n - n + 86, 3*n = 3*j + 66. Suppose i = -4*v - 9, -i - v + 17 = 2*i. Suppose i*h = 73 + 116. Calculate the greatest common factor of n and h.
9
Suppose 0 = 5*w - 5*r - 5400, -10 = -8*r + 10*r. What is the highest common divisor of 43 and w?
43
Let h(u) = -u**2 - 6*u + 12. Let r = 24 + -30. Let a be h(r). What is the greatest common factor of 12 and a?
12
Let z = -734 + 890. Calculate the highest common factor of 12 and z.
12
Let b(h) = h**2 - 9*h - 4. Let m be b(8). Let u be (-3)/(-9) + (-44)/m. Suppose 4*o - 16 = -0*o, u*p - o = 16. What is the greatest common factor of p and 1?
1
Let i(h) = 218*h**3 + h**2 - 1. Let q be i(1). Let o = q + -143. Let j be (20/11)/((-42)/(-77))*(-18)/(-4). Calculate the highest common divisor of j and o.
15
Suppose j - 2*j + 7 = 0. Suppose -j*k + 243 = -93. What is the highest common factor of 64 and k?
16
Let k(s) be the second derivative of 0*s**2 - 4*s + 2/3*s**3 - 1/12*s**4 + 0. Let x be k(3). Calculate the highest common divisor of 1 and x.
1
Let g = 7 - -11. Let s = -47 - -77. Calculate the highest common factor of g and s.
6
Let m(c) = c**2 + 18*c - 2. Let j be m(-18). Let s be ((-18)/j)/((-32)/11 + 3). Calculate the highest common divisor of 33 and s.
33
Let w be 584 + 4 - (-12 + 5). What is the greatest common divisor of w and 340?
85
Suppose 0 = -5*x - 10 + 5. Let j = 16 - x. Calculate the highest common factor of j and 17.
17
Let b(i) = 29*i**3 + 3*i**2 + 3*i + 5. Let v be b(-3). Let a be v/(-30)*(-3)/(-2). Calculate the highest common factor of a and 57.
19
Suppose 3*n - 11 = 277. Calculate the greatest common factor of n and 32.
32
Let h = -1020 - -1340. Calculate the greatest common factor of h and 15.
5
Suppose -3*w + 8*w - 5 = 0, -4*j + 14 = -2*w. Let m(l) = 2*l**2 - 7*l + 9. Let s be m(j). What is the greatest common divisor of s and 169?
13
Let t = 3154 - 3047. What is the highest common factor of t and 4173?
107
Let w be 70/(-84)*6/(-1) + -1. Suppose -w*k = 2*r - 534, -4*k - 4*r + 502 + 38 = 0. Calculate the highest common factor of 44 and k.
44
Suppose 4*p - 183 = -4*b + 445, 4*b + 12 = 0. Calculate the highest common factor of 10 and p.
10
Suppose 0 = -t + 3, -4*o - t = -0*o - 815. Let m = o - 51. Calculate the highest common divisor of 19 and m.
19
Let j(p) = -2*p**2 - 23*p - 21. Let k be j(-10). Calculate the greatest common divisor of 99 and k.
9
Suppose 0 = 3*l + 2*k + 158, k - 5 = -9. Let v = l - -183. What is the highest common factor of v and 19?
19
Let m = -94 + 169. Let k = -54 + m. Calculate the greatest common factor of 7 and k.
7
Suppose d - 2*d + 47 = 3*g, 0 = 2*g - 6. Let o = -146 + d. Let n = -72 - o. Calculate the greatest common divisor of 24 and n.
12
Suppose -3*s = 10 - 4. Let m be (28/8 - s)*2. What is the greatest common factor of m and 99?
11
Suppose 195 = 15*c - 45. Suppose 0 = 3*u - 37 - 35. Calculate the greatest common factor of c and u.
8
Suppose -9*d = -5*d - 24. Let s(y) = -y**2 + 10*y - 6. Let o be s(d). Calculate the greatest common divisor of 36 and o.
18
Let r = -226 - -266. Let b(k) = -39*k - 4. Let z be b(-6). Let p be 4/10 + z/50. Calculate the greatest common divisor of p and r.
5
Let m = 91 - 75. Suppose 3*x + 3*v + m = 64, 2*x = -v + 36. Calculate the greatest common factor of 160 and x.
20
Suppose -4*c = -c + 15, -3*w + 439 = 4*c. Calculate the highest common factor of w and 255.
51
Let x be 15/((-2)/8 - (-36)/90). Calculate the greatest common factor of 275 and x.
25
Suppose -59 = 2*x - 63. What is the highest common divisor of 1 and x?
1
Suppose 144*n = 134*n + 18850. Calculate the highest common factor of n and 65.
65
Suppose 5*z = -c + 545, 5*c - 2605 = 9*z - 4*z. What is the highest common factor of c and 210?
105
Let p = 12 - -19. Suppose -7*x + 5*x = 36. Let m = p + x. Calculate the greatest common divisor of m and 13.
13
Suppose -3*g - 2*g + 35 = 0. Suppose 5*u = 63 + 462. Let r be u/6*(-8)/(-10). What is the highest common factor of r and g?
7
Suppose -2*b + 6*b = 216. Let p = -571 + 577. What is the highest common divisor of b an